{"id":1330,"date":"2023-02-08T10:51:46","date_gmt":"2023-02-08T10:51:46","guid":{"rendered":"https:\/\/www.egoodies.ro\/martasgift\/?post_type=product&#038;p=1330"},"modified":"2025-10-08T09:50:14","modified_gmt":"2025-10-08T09:50:14","slug":"primavara-simturilor-2","status":"publish","type":"product","link":"https:\/\/www.egoodies.ro\/martasgift\/primavara-simturilor-2\/","title":{"rendered":"Prim\u0103vara sim\u021burilor"},"content":{"rendered":"<p>Cadoul con\u021bine:<\/p>\n<ul>\n<li>Felicitare din ciocolat\u0103 belgian\u0103 premium, personalizabil\u0103, \u00een cutie de carton<\/li>\n<li>Difuzor de arom\u0103 cu 3 be\u021bi\u0219oare din lemn de fag. Partea superioar\u0103 din lemn absoarbe uleiul \u0219i ajut\u0103 la evaporarea parfumului. Arom\u0103 de crin sau iasomie, 30 ml<\/li>\n<li>Decora\u021biune de birou \u2013 flori din lemn<\/li>\n<li>Cutie de carton craft cu sticker personalizabil<\/li>\n<\/ul>\n","protected":false},"excerpt":{"rendered":"Cadoul con\u021bine: Felicitare din ciocolat\u0103 belgian\u0103 premium, personalizabil\u0103, \u00een cutie de carton Difuzor de arom\u0103 cu 3 be\u021bi\u0219oare din lemn de&#8230; <a class=\"view-article\" href=\"https:\/\/www.egoodies.ro\/martasgift\/primavara-simturilor-2\/\">Vezi Articol<\/a>","protected":false},"featured_media":1346,"template":"","meta":{"_acf_changed":false},"product_brand":[],"product_cat":[24],"product_tag":[27,28,29],"class_list":{"0":"post-1330","1":"product","2":"type-product","3":"status-publish","4":"has-post-thumbnail","6":"product_cat-cadouri-1-8-martie-2023","7":"product_tag-cadou-corporate","8":"product_tag-ciocolata-artizanala","9":"product_tag-personalizare","11":"first","12":"outofstock","13":"shipping-taxable","14":"purchasable","15":"product-type-simple"},"acf":[],"_links":{"self":[{"href":"https:\/\/www.egoodies.ro\/martasgift\/wp-json\/wp\/v2\/product\/1330","targetHints":{"allow":["GET"]}}],"collection":[{"href":"https:\/\/www.egoodies.ro\/martasgift\/wp-json\/wp\/v2\/product"}],"about":[{"href":"https:\/\/www.egoodies.ro\/martasgift\/wp-json\/wp\/v2\/types\/product"}],"wp:featuredmedia":[{"embeddable":true,"href":"https:\/\/www.egoodies.ro\/martasgift\/wp-json\/wp\/v2\/media\/1346"}],"wp:attachment":[{"href":"https:\/\/www.egoodies.ro\/martasgift\/wp-json\/wp\/v2\/media?parent=1330"}],"wp:term":[{"taxonomy":"product_brand","embeddable":true,"href":"https:\/\/www.egoodies.ro\/martasgift\/wp-json\/wp\/v2\/product_brand?post=1330"},{"taxonomy":"product_cat","embeddable":true,"href":"https:\/\/www.egoodies.ro\/martasgift\/wp-json\/wp\/v2\/product_cat?post=1330"},{"taxonomy":"product_tag","embeddable":true,"href":"https:\/\/www.egoodies.ro\/martasgift\/wp-json\/wp\/v2\/product_tag?post=1330"}],"curies":[{"name":"wp","href":"https:\/\/api.w.org\/{rel}","templated":true}]}}