{"id":1465,"date":"2023-10-17T07:01:15","date_gmt":"2023-10-17T07:01:15","guid":{"rendered":"https:\/\/www.egoodies.ro\/martasgift\/?post_type=product&#038;p=1465"},"modified":"2024-10-24T08:21:33","modified_gmt":"2024-10-24T08:21:33","slug":"lumina-de-craciun-2","status":"publish","type":"product","link":"https:\/\/www.egoodies.ro\/martasgift\/lumina-de-craciun-2\/","title":{"rendered":"Lumin\u0103 de Cr\u0103ciun"},"content":{"rendered":"<ul>\n<li>Vin ro\u0219u sec, Merlot, Taifas, Domeniile Franco-Rom\u00e2ne, 750ml<\/li>\n<li>Decora\u021biune Cr\u0103ciun &#8211; borcan din sticl\u0103 cu capac din bambus, cu figurine din lemn \u00een interior \u0219i ghirland\u0103 de becuri led<\/li>\n<li>Praline de Cr\u0103ciun \u2013 praline artizanale din ciocolat\u0103 neagr\u0103 \u0219i crem\u0103 de portocale, 6 buc<\/li>\n<li>Turt\u0103 dulce cu glazur\u0103 de vanilie, 180g<\/li>\n<li>Ciocolat\u0103 alb\u0103 cu l\u0103m\u00e2ie, buc\u0103\u021bi, 80g,<\/li>\n<li>Cutie pentru cadou din carton craft (personalizabil\u0103 cu sticker pentru mai putin de 500 de buc\u0103\u021bi, personalizabil\u0103 full print pentru mai mult de 500 buc\u0103\u021bi)<\/li>\n<\/ul>\n","protected":false},"excerpt":{"rendered":"&nbsp;\r\n\r\n&nbsp;","protected":false},"featured_media":1466,"template":"","meta":{"_acf_changed":false},"product_brand":[],"product_cat":[26],"product_tag":[45,46,29],"class_list":{"0":"post-1465","1":"product","2":"type-product","3":"status-publish","4":"has-post-thumbnail","6":"product_cat-cadouri-craciun-2025","7":"product_tag-cadou-corporate-craciun","8":"product_tag-cadou-craciun-produse-romanesti","9":"product_tag-personalizare","11":"first","12":"outofstock","13":"shipping-taxable","14":"purchasable","15":"product-type-simple"},"acf":[],"_links":{"self":[{"href":"https:\/\/www.egoodies.ro\/martasgift\/wp-json\/wp\/v2\/product\/1465","targetHints":{"allow":["GET"]}}],"collection":[{"href":"https:\/\/www.egoodies.ro\/martasgift\/wp-json\/wp\/v2\/product"}],"about":[{"href":"https:\/\/www.egoodies.ro\/martasgift\/wp-json\/wp\/v2\/types\/product"}],"wp:featuredmedia":[{"embeddable":true,"href":"https:\/\/www.egoodies.ro\/martasgift\/wp-json\/wp\/v2\/media\/1466"}],"wp:attachment":[{"href":"https:\/\/www.egoodies.ro\/martasgift\/wp-json\/wp\/v2\/media?parent=1465"}],"wp:term":[{"taxonomy":"product_brand","embeddable":true,"href":"https:\/\/www.egoodies.ro\/martasgift\/wp-json\/wp\/v2\/product_brand?post=1465"},{"taxonomy":"product_cat","embeddable":true,"href":"https:\/\/www.egoodies.ro\/martasgift\/wp-json\/wp\/v2\/product_cat?post=1465"},{"taxonomy":"product_tag","embeddable":true,"href":"https:\/\/www.egoodies.ro\/martasgift\/wp-json\/wp\/v2\/product_tag?post=1465"}],"curies":[{"name":"wp","href":"https:\/\/api.w.org\/{rel}","templated":true}]}}