{"id":1565,"date":"2024-03-26T20:01:07","date_gmt":"2024-03-26T20:01:07","guid":{"rendered":"https:\/\/www.egoodies.ro\/martasgift\/?post_type=product&#038;p=1565"},"modified":"2025-10-14T06:34:16","modified_gmt":"2025-10-14T06:34:16","slug":"cadou-cu-vin-si-cozonac","status":"publish","type":"product","link":"https:\/\/www.egoodies.ro\/martasgift\/cadou-cu-vin-si-cozonac\/","title":{"rendered":"Pa\u0219te rafinat"},"content":{"rendered":"<p>Descriere con\u021binut pachet:<br \/>\n\u2022 Vin rose, sec, La Grande Colline, Merlot, DOC, Domeniile Franco-Rom\u00e2ne, 750ml<br \/>\n\u2022 Cozonac artizanal cu umplutur\u0103 de nuc\u0103, cacao \u0219i rahat, \u00een t\u0103vi\u021b\u0103 de bambus, 500g<br \/>\n\u2022 Biscui\u021bi decora\u021bi cu royal icing, \u00een form\u0103 de ou\u0103, 150g<br \/>\n\u2022 Miere de tei, bio, 400g<br \/>\n\u2022 Tablet\u0103 de ciocolat\u0103 artizanal\u0103 personalizabil\u0103 cu logo \u0219i text, 100g<br \/>\n\u2022 Cutie pentru cadou din carton craft (personalizabil\u0103 cu sticker pentru mai putin de 500 de buc\u0103\u021bi, personalizabil\u0103 full print pentru mai mult de 500 buc\u0103\u021bi)<\/p>\n<p>&nbsp;<\/p>\n","protected":false},"excerpt":{"rendered":"&nbsp;\r\n\r\n&nbsp;","protected":false},"featured_media":1558,"template":"","meta":{"_acf_changed":false},"product_brand":[],"product_cat":[25],"product_tag":[55,41,53,54],"class_list":{"0":"post-1565","1":"product","2":"type-product","3":"status-publish","4":"has-post-thumbnail","6":"product_cat-cadouri-paste-2025","7":"product_tag-cadou-copii-paste","8":"product_tag-cadou-corporate-paste","9":"product_tag-cadou-paste","10":"product_tag-produse-artizanale","12":"first","13":"outofstock","14":"shipping-taxable","15":"purchasable","16":"product-type-simple"},"acf":[],"_links":{"self":[{"href":"https:\/\/www.egoodies.ro\/martasgift\/wp-json\/wp\/v2\/product\/1565","targetHints":{"allow":["GET"]}}],"collection":[{"href":"https:\/\/www.egoodies.ro\/martasgift\/wp-json\/wp\/v2\/product"}],"about":[{"href":"https:\/\/www.egoodies.ro\/martasgift\/wp-json\/wp\/v2\/types\/product"}],"wp:featuredmedia":[{"embeddable":true,"href":"https:\/\/www.egoodies.ro\/martasgift\/wp-json\/wp\/v2\/media\/1558"}],"wp:attachment":[{"href":"https:\/\/www.egoodies.ro\/martasgift\/wp-json\/wp\/v2\/media?parent=1565"}],"wp:term":[{"taxonomy":"product_brand","embeddable":true,"href":"https:\/\/www.egoodies.ro\/martasgift\/wp-json\/wp\/v2\/product_brand?post=1565"},{"taxonomy":"product_cat","embeddable":true,"href":"https:\/\/www.egoodies.ro\/martasgift\/wp-json\/wp\/v2\/product_cat?post=1565"},{"taxonomy":"product_tag","embeddable":true,"href":"https:\/\/www.egoodies.ro\/martasgift\/wp-json\/wp\/v2\/product_tag?post=1565"}],"curies":[{"name":"wp","href":"https:\/\/api.w.org\/{rel}","templated":true}]}}