{"id":1641,"date":"2024-10-23T11:18:05","date_gmt":"2024-10-23T11:18:05","guid":{"rendered":"https:\/\/www.egoodies.ro\/martasgift\/?post_type=product&#038;p=1641"},"modified":"2024-10-23T11:25:55","modified_gmt":"2024-10-23T11:25:55","slug":"craciun-bomba","status":"publish","type":"product","link":"https:\/\/www.egoodies.ro\/martasgift\/craciun-bomba\/","title":{"rendered":"Cr\u0103ciun \u201dbomb\u0103\u201d"},"content":{"rendered":"<ul>\n<li>Praline de Cr\u0103ciun \u2013 praline artizanale din ciocolat\u0103 neagr\u0103 \u0219i crem\u0103 de portocale, 6 buc<\/li>\n<li>Bomb\u0103 din ciocolat\u0103 cald\u0103, cu marshmellow (bezele moi), 30g (se toarn\u0103 lapte fierbinte peste bomba de ciocolat\u0103 \u2013 va rezulta o por\u021bie grozav\u0103 de ciocolat\u0103 cald\u0103 cu bezele)<\/li>\n<li>Nuci umplute cu crem\u0103 de cacao, 140g<\/li>\n<li>Mini tablete de ciocolat\u0103 neagr\u0103 cu condimente de Cr\u0103ciun &#8211; Arome de Cr\u0103ciun, 80g<\/li>\n<li>Decora\u0163iune pentru bradul de Cr\u0103ciun \u2013 stelu\u021b\u0103 de lemn cu leduri<\/li>\n<li>Cutie pentru cadou din carton craft (personalizabil\u0103 cu sticker)<\/li>\n<\/ul>\n","protected":false},"excerpt":{"rendered":"&nbsp;\r\n\r\n&nbsp;","protected":false},"featured_media":1642,"template":"","meta":{"_acf_changed":false},"product_brand":[],"product_cat":[26],"product_tag":[45,46,29],"class_list":{"0":"post-1641","1":"product","2":"type-product","3":"status-publish","4":"has-post-thumbnail","6":"product_cat-cadouri-craciun-2025","7":"product_tag-cadou-corporate-craciun","8":"product_tag-cadou-craciun-produse-romanesti","9":"product_tag-personalizare","11":"first","12":"instock","13":"shipping-taxable","14":"purchasable","15":"product-type-simple"},"acf":[],"_links":{"self":[{"href":"https:\/\/www.egoodies.ro\/martasgift\/wp-json\/wp\/v2\/product\/1641","targetHints":{"allow":["GET"]}}],"collection":[{"href":"https:\/\/www.egoodies.ro\/martasgift\/wp-json\/wp\/v2\/product"}],"about":[{"href":"https:\/\/www.egoodies.ro\/martasgift\/wp-json\/wp\/v2\/types\/product"}],"wp:featuredmedia":[{"embeddable":true,"href":"https:\/\/www.egoodies.ro\/martasgift\/wp-json\/wp\/v2\/media\/1642"}],"wp:attachment":[{"href":"https:\/\/www.egoodies.ro\/martasgift\/wp-json\/wp\/v2\/media?parent=1641"}],"wp:term":[{"taxonomy":"product_brand","embeddable":true,"href":"https:\/\/www.egoodies.ro\/martasgift\/wp-json\/wp\/v2\/product_brand?post=1641"},{"taxonomy":"product_cat","embeddable":true,"href":"https:\/\/www.egoodies.ro\/martasgift\/wp-json\/wp\/v2\/product_cat?post=1641"},{"taxonomy":"product_tag","embeddable":true,"href":"https:\/\/www.egoodies.ro\/martasgift\/wp-json\/wp\/v2\/product_tag?post=1641"}],"curies":[{"name":"wp","href":"https:\/\/api.w.org\/{rel}","templated":true}]}}