{"id":1724,"date":"2025-10-10T10:33:43","date_gmt":"2025-10-10T10:33:43","guid":{"rendered":"https:\/\/www.egoodies.ro\/martasgift\/?post_type=product&#038;p=1724"},"modified":"2025-10-14T07:07:28","modified_gmt":"2025-10-14T07:07:28","slug":"ierbar-craciun-cu-gust-de-leac-manastiresc","status":"publish","type":"product","link":"https:\/\/www.egoodies.ro\/martasgift\/ierbar-craciun-cu-gust-de-leac-manastiresc\/","title":{"rendered":"Ierbar \u2013 Cr\u0103ciun cu gust de leac m\u0103n\u0103stiresc"},"content":{"rendered":"<p>\u25cf Vin ro\u0219u demidulce Ierbar (Pelin de Jerc\u0103l\u0103i), infuzat cu 33 ierburi aromate, 700ml<br \/>\n\u25cf \u0218erbet artizanal de mandarine, 200g<br \/>\n\u25cf Praline artizanale premium, pictate manual, 5 buc<br \/>\n\u25cf Turt\u0103 dulce decorat\u0103 cu royal icing, model br\u0103du\u021bi, 150g<br \/>\n\u25cf Br\u0103du\u021b sau plante aromatice (rozmarin) naturale \u00een p\u00e2nz\u0103 de sac<br \/>\n\u25cf Lum\u00e2nare din cear\u0103 natural\u0103 de albine, turnat\u0103 manual<br \/>\n\u25cf Cutie pentru cadou din carton craft (personalizabil\u0103 cu sticker pentru mai putin de 500 de buc\u0103\u021bi, personalizabil\u0103 full print pentru mai mult de 500 buc\u0103\u021bi)<\/p>\n","protected":false},"excerpt":{"rendered":"&nbsp;\r\n\r\n&nbsp;","protected":false},"featured_media":1824,"template":"","meta":{"_acf_changed":false},"product_brand":[],"product_cat":[26],"product_tag":[45,46,29],"class_list":{"0":"post-1724","1":"product","2":"type-product","3":"status-publish","4":"has-post-thumbnail","6":"product_cat-cadouri-craciun-2025","7":"product_tag-cadou-corporate-craciun","8":"product_tag-cadou-craciun-produse-romanesti","9":"product_tag-personalizare","11":"first","12":"instock","13":"shipping-taxable","14":"purchasable","15":"product-type-simple"},"acf":[],"_links":{"self":[{"href":"https:\/\/www.egoodies.ro\/martasgift\/wp-json\/wp\/v2\/product\/1724","targetHints":{"allow":["GET"]}}],"collection":[{"href":"https:\/\/www.egoodies.ro\/martasgift\/wp-json\/wp\/v2\/product"}],"about":[{"href":"https:\/\/www.egoodies.ro\/martasgift\/wp-json\/wp\/v2\/types\/product"}],"wp:featuredmedia":[{"embeddable":true,"href":"https:\/\/www.egoodies.ro\/martasgift\/wp-json\/wp\/v2\/media\/1824"}],"wp:attachment":[{"href":"https:\/\/www.egoodies.ro\/martasgift\/wp-json\/wp\/v2\/media?parent=1724"}],"wp:term":[{"taxonomy":"product_brand","embeddable":true,"href":"https:\/\/www.egoodies.ro\/martasgift\/wp-json\/wp\/v2\/product_brand?post=1724"},{"taxonomy":"product_cat","embeddable":true,"href":"https:\/\/www.egoodies.ro\/martasgift\/wp-json\/wp\/v2\/product_cat?post=1724"},{"taxonomy":"product_tag","embeddable":true,"href":"https:\/\/www.egoodies.ro\/martasgift\/wp-json\/wp\/v2\/product_tag?post=1724"}],"curies":[{"name":"wp","href":"https:\/\/api.w.org\/{rel}","templated":true}]}}