{"id":1761,"date":"2025-10-10T13:19:35","date_gmt":"2025-10-10T13:19:35","guid":{"rendered":"https:\/\/www.egoodies.ro\/martasgift\/?post_type=product&#038;p=1761"},"modified":"2025-10-13T07:50:46","modified_gmt":"2025-10-13T07:50:46","slug":"craciun-in-varf-de-munte-4","status":"publish","type":"product","link":"https:\/\/www.egoodies.ro\/martasgift\/craciun-in-varf-de-munte-4\/","title":{"rendered":"Cr\u0103ciun \u00een  v\u00e2rf de munte"},"content":{"rendered":"<p>\u25cf Ceai din plante de la munte (muguri de brad, muguri de pin, cimbri\u0219or s\u0103lbatic, flori de soc, afine, meri\u0219oare, zmeur\u0103, coac\u0103ze negre, c\u0103tin\u0103, m\u0103ce\u0219e), 20 g<br \/>\n\u25cf Turt\u0103 dulce artizanal\u0103, cu ghimbir \u0219i glazur\u0103 de l\u0103m\u00e2ie, 150g<br \/>\n\u25cf Tablet\u0103 de ciocolat\u0103 cu lapte, fructe uscate \u0219i oleaginoase, cu insert de ciocolat\u0103 alb\u0103 personalizabil, 100g<br \/>\n\u25cf Biscotti cu meri\u0219oare, 100g<br \/>\n\u25cf Biscui\u021bi sco\u021bieni cu ciocolat\u0103, 100g<br \/>\n\u25cf Lum\u00e2nare cu suport de lemn, h: 6 cm<br \/>\n\u25cf Cutie pentru cadou din carton craft (personalizabil\u0103 cu sticker full print pentru o comand\u0103 de minimum 50 cadouri)<\/p>\n","protected":false},"excerpt":{"rendered":"&nbsp;\r\n\r\n&nbsp;","protected":false},"featured_media":1784,"template":"","meta":{"_acf_changed":false},"product_brand":[],"product_cat":[26],"product_tag":[45,46,29],"class_list":{"0":"post-1761","1":"product","2":"type-product","3":"status-publish","4":"has-post-thumbnail","6":"product_cat-cadouri-craciun-2025","7":"product_tag-cadou-corporate-craciun","8":"product_tag-cadou-craciun-produse-romanesti","9":"product_tag-personalizare","11":"first","12":"instock","13":"shipping-taxable","14":"purchasable","15":"product-type-simple"},"acf":[],"_links":{"self":[{"href":"https:\/\/www.egoodies.ro\/martasgift\/wp-json\/wp\/v2\/product\/1761","targetHints":{"allow":["GET"]}}],"collection":[{"href":"https:\/\/www.egoodies.ro\/martasgift\/wp-json\/wp\/v2\/product"}],"about":[{"href":"https:\/\/www.egoodies.ro\/martasgift\/wp-json\/wp\/v2\/types\/product"}],"wp:featuredmedia":[{"embeddable":true,"href":"https:\/\/www.egoodies.ro\/martasgift\/wp-json\/wp\/v2\/media\/1784"}],"wp:attachment":[{"href":"https:\/\/www.egoodies.ro\/martasgift\/wp-json\/wp\/v2\/media?parent=1761"}],"wp:term":[{"taxonomy":"product_brand","embeddable":true,"href":"https:\/\/www.egoodies.ro\/martasgift\/wp-json\/wp\/v2\/product_brand?post=1761"},{"taxonomy":"product_cat","embeddable":true,"href":"https:\/\/www.egoodies.ro\/martasgift\/wp-json\/wp\/v2\/product_cat?post=1761"},{"taxonomy":"product_tag","embeddable":true,"href":"https:\/\/www.egoodies.ro\/martasgift\/wp-json\/wp\/v2\/product_tag?post=1761"}],"curies":[{"name":"wp","href":"https:\/\/api.w.org\/{rel}","templated":true}]}}