{"id":1780,"date":"2025-10-10T14:07:09","date_gmt":"2025-10-10T14:07:09","guid":{"rendered":"https:\/\/www.egoodies.ro\/martasgift\/?post_type=product&#038;p=1780"},"modified":"2025-10-13T07:54:10","modified_gmt":"2025-10-13T07:54:10","slug":"urari-de-sarbatori-3","status":"publish","type":"product","link":"https:\/\/www.egoodies.ro\/martasgift\/urari-de-sarbatori-3\/","title":{"rendered":"Ur\u0103ri de s\u0103rb\u0103tori!"},"content":{"rendered":"<p>\u25cf S\u0103n\u0103tate &#8211; Ceai de Cr\u0103ciun &#8211; rooibos turt\u0103 dulce (portocale, scor\u021bi\u0219oar\u0103, cui\u0219oare, cardamom), 50g<br \/>\n\u25cf Bucurie &#8211; Condimente pentru vin fiert \u00een borcan de sticl\u0103, 30g<br \/>\n\u25cf Cutie de carton craft, personalizabil\u0103 cu tag, brad natural \u0219i panglic\u0103 de satin asortat\u0103<\/p>\n","protected":false},"excerpt":{"rendered":"&nbsp;\r\n\r\n&nbsp;","protected":false},"featured_media":1787,"template":"","meta":{"_acf_changed":false},"product_brand":[],"product_cat":[26],"product_tag":[45,46,29],"class_list":{"0":"post-1780","1":"product","2":"type-product","3":"status-publish","4":"has-post-thumbnail","6":"product_cat-cadouri-craciun-2025","7":"product_tag-cadou-corporate-craciun","8":"product_tag-cadou-craciun-produse-romanesti","9":"product_tag-personalizare","11":"first","12":"instock","13":"shipping-taxable","14":"purchasable","15":"product-type-simple"},"acf":[],"_links":{"self":[{"href":"https:\/\/www.egoodies.ro\/martasgift\/wp-json\/wp\/v2\/product\/1780","targetHints":{"allow":["GET"]}}],"collection":[{"href":"https:\/\/www.egoodies.ro\/martasgift\/wp-json\/wp\/v2\/product"}],"about":[{"href":"https:\/\/www.egoodies.ro\/martasgift\/wp-json\/wp\/v2\/types\/product"}],"wp:featuredmedia":[{"embeddable":true,"href":"https:\/\/www.egoodies.ro\/martasgift\/wp-json\/wp\/v2\/media\/1787"}],"wp:attachment":[{"href":"https:\/\/www.egoodies.ro\/martasgift\/wp-json\/wp\/v2\/media?parent=1780"}],"wp:term":[{"taxonomy":"product_brand","embeddable":true,"href":"https:\/\/www.egoodies.ro\/martasgift\/wp-json\/wp\/v2\/product_brand?post=1780"},{"taxonomy":"product_cat","embeddable":true,"href":"https:\/\/www.egoodies.ro\/martasgift\/wp-json\/wp\/v2\/product_cat?post=1780"},{"taxonomy":"product_tag","embeddable":true,"href":"https:\/\/www.egoodies.ro\/martasgift\/wp-json\/wp\/v2\/product_tag?post=1780"}],"curies":[{"name":"wp","href":"https:\/\/api.w.org\/{rel}","templated":true}]}}