{"id":805,"date":"2021-01-29T07:52:35","date_gmt":"2021-01-29T07:52:35","guid":{"rendered":"https:\/\/www.egoodies.ro\/martasgift\/?post_type=product&#038;p=805"},"modified":"2025-10-08T09:50:17","modified_gmt":"2025-10-08T09:50:17","slug":"mm2101-farama-de-viata","status":"publish","type":"product","link":"https:\/\/www.egoodies.ro\/martasgift\/mm2101-farama-de-viata\/","title":{"rendered":"F\u0103r\u00e2m\u0103 de via\u021b\u0103"},"content":{"rendered":"<p>Cadoul cuprinde:<\/p>\n<p>Plant\u0103 suculent\u0103 \u00een ghiveci de ceramic\u0103 si decora\u021biune din lemn, \u00een form\u0103 de buburuz\u0103<\/p>\n<p>Bro\u0219\u0103 m\u0103r\u021bi\u0219or, din lemn, gravat\u0103 (dimensiune 3 cm \u00een\u0103l\u021bime)<\/p>\n<p>Cutie carton cu fereastr\u0103, 8x8x8 cm<\/p>\n","protected":false},"excerpt":{"rendered":"Cadoul cuprinde: Plant\u0103 suculent\u0103 \u00een ghiveci de ceramic\u0103 si decora\u021biune din lemn, \u00een form\u0103 de buburuz\u0103 Bro\u0219\u0103 m\u0103r\u021bi\u0219or, din lemn, gravat\u0103&#8230; <a class=\"view-article\" href=\"https:\/\/www.egoodies.ro\/martasgift\/mm2101-farama-de-viata\/\">Vezi Articol<\/a>","protected":false},"featured_media":806,"template":"","meta":{"_acf_changed":false},"product_brand":[],"product_cat":[24],"product_tag":[],"class_list":{"0":"post-805","1":"product","2":"type-product","3":"status-publish","4":"has-post-thumbnail","6":"product_cat-cadouri-1-8-martie-2023","8":"first","9":"outofstock","10":"shipping-taxable","11":"purchasable","12":"product-type-simple"},"acf":[],"_links":{"self":[{"href":"https:\/\/www.egoodies.ro\/martasgift\/wp-json\/wp\/v2\/product\/805","targetHints":{"allow":["GET"]}}],"collection":[{"href":"https:\/\/www.egoodies.ro\/martasgift\/wp-json\/wp\/v2\/product"}],"about":[{"href":"https:\/\/www.egoodies.ro\/martasgift\/wp-json\/wp\/v2\/types\/product"}],"wp:featuredmedia":[{"embeddable":true,"href":"https:\/\/www.egoodies.ro\/martasgift\/wp-json\/wp\/v2\/media\/806"}],"wp:attachment":[{"href":"https:\/\/www.egoodies.ro\/martasgift\/wp-json\/wp\/v2\/media?parent=805"}],"wp:term":[{"taxonomy":"product_brand","embeddable":true,"href":"https:\/\/www.egoodies.ro\/martasgift\/wp-json\/wp\/v2\/product_brand?post=805"},{"taxonomy":"product_cat","embeddable":true,"href":"https:\/\/www.egoodies.ro\/martasgift\/wp-json\/wp\/v2\/product_cat?post=805"},{"taxonomy":"product_tag","embeddable":true,"href":"https:\/\/www.egoodies.ro\/martasgift\/wp-json\/wp\/v2\/product_tag?post=805"}],"curies":[{"name":"wp","href":"https:\/\/api.w.org\/{rel}","templated":true}]}}